{"id":2646,"date":"2024-03-29T10:16:09","date_gmt":"2024-03-29T10:16:09","guid":{"rendered":"https:\/\/demo2wpopal.b-cdn.net\/rebuilto\/?page_id=2646"},"modified":"2025-05-30T04:48:18","modified_gmt":"2025-05-30T04:48:18","slug":"nuestros-servicios","status":"publish","type":"page","link":"https:\/\/gs360.cl\/index.php\/nuestros-servicios\/","title":{"rendered":"Nuestros servicios"},"content":{"rendered":"\t\t<div data-elementor-type=\"wp-page\" data-elementor-id=\"2646\" class=\"elementor elementor-2646\">\n\t\t\t\t<div class=\"elementor-element elementor-element-dd70c95 e-flex e-con-boxed e-con e-parent\" data-id=\"dd70c95\" data-element_type=\"container\">\n\t\t\t\t\t<div class=\"e-con-inner\">\n\t\t<div class=\"elementor-element elementor-element-ba035ce e-con-full e-flex e-con e-child\" data-id=\"ba035ce\" data-element_type=\"container\">\n\t\t\t\t<div class=\"elementor-element elementor-element-77e96e2 elementor-widget__width-initial animated-fast elementor-widget-divider--view-line elementor-invisible elementor-widget elementor-widget-divider\" data-id=\"77e96e2\" data-element_type=\"widget\" data-settings=\"{&quot;_animation&quot;:&quot;zoomInRight&quot;}\" data-widget_type=\"divider.default\">\n\t\t\t\t<div class=\"elementor-widget-container\">\n\t\t\t\t\t\t\t<div class=\"elementor-divider\">\n\t\t\t<span class=\"elementor-divider-separator\">\n\t\t\t\t\t\t<\/span>\n\t\t<\/div>\n\t\t\t\t\t\t<\/div>\n\t\t\t\t<\/div>\n\t\t\t\t<div class=\"elementor-element elementor-element-07e9ef9 animated-fast elementor-invisible elementor-widget elementor-widget-heading\" data-id=\"07e9ef9\" data-element_type=\"widget\" data-settings=\"{&quot;_animation&quot;:&quot;opal-scale-up&quot;}\" data-widget_type=\"heading.default\">\n\t\t\t\t<div class=\"elementor-widget-container\">\n\t\t\t\t\t<p class=\"elementor-heading-title elementor-size-default\">lo hacemos bien.<\/p>\t\t\t\t<\/div>\n\t\t\t\t<\/div>\n\t\t\t\t<\/div>\n\t\t<div class=\"elementor-element elementor-element-183a9ad e-con-full e-flex e-con e-child\" data-id=\"183a9ad\" data-element_type=\"container\">\n\t\t\t\t<div class=\"elementor-element elementor-element-f484dbd elementor-widget__width-initial animated-fast elementor-invisible elementor-widget elementor-widget-heading\" data-id=\"f484dbd\" data-element_type=\"widget\" data-settings=\"{&quot;_animation&quot;:&quot;opal-move-left&quot;}\" data-widget_type=\"heading.default\">\n\t\t\t\t<div class=\"elementor-widget-container\">\n\t\t\t\t\t<h2 class=\"elementor-heading-title elementor-size-default\"><p data-start=\"167\" data-end=\"233\"><strong data-start=\"167\" data-end=\"233\">Ofrecemos las mejores soluciones sustentables para tu empresa o proyecto<\/strong><\/p><\/h2>\t\t\t\t<\/div>\n\t\t\t\t<\/div>\n\t\t\t\t<\/div>\n\t\t\t\t\t<\/div>\n\t\t\t\t<\/div>\n\t\t<div class=\"elementor-element elementor-element-901f6fe e-flex e-con-boxed e-con e-parent\" data-id=\"901f6fe\" data-element_type=\"container\">\n\t\t\t\t\t<div class=\"e-con-inner\">\n\t\t\t\t<div class=\"elementor-element elementor-element-0b81ab6 elementor-drop-cap-yes elementor-drop-cap-view-default elementor-invisible elementor-widget elementor-widget-text-editor\" data-id=\"0b81ab6\" data-element_type=\"widget\" data-settings=\"{&quot;drop_cap&quot;:&quot;yes&quot;,&quot;_animation&quot;:&quot;fadeInDown&quot;}\" data-widget_type=\"text-editor.default\">\n\t\t\t\t<div class=\"elementor-widget-container\">\n\t\t\t\t\t\t\t\t\t<p>Nuestros servicios est\u00e1n dise\u00f1ados para liderar los procesos del Sistema de Gesti\u00f3n de la Energ\u00eda bajo la norma ISO 50.001, Sistema de Gesti\u00f3n Ambiental bajo la norma ISO 14.001, ayudando a las organizaciones a adaptarse a las exigencias de la Ley 21.305 y alcanzar sus metas de carbono neutralidad al 2050, a trav\u00e9s de medici\u00f3n de la huella de carbono, cuantificaci\u00f3n y reporte de emisiones en Huella Chile, junto con la generaci\u00f3n de informes estrat\u00e9gicos, logrando transformar los compromisos en resultados tangibles.<\/p>\t\t\t\t\t\t\t\t<\/div>\n\t\t\t\t<\/div>\n\t\t\t\t\t<\/div>\n\t\t\t\t<\/div>\n\t\t<div class=\"elementor-element elementor-element-39169ee e-flex e-con-boxed e-con e-parent\" data-id=\"39169ee\" data-element_type=\"container\">\n\t\t\t\t\t<div class=\"e-con-inner\">\n\t\t\t\t<div class=\"elementor-element elementor-element-a5e35f8 elementor-widget__width-inherit elementor-service-style-1 overflow-to-none elementor-invisible elementor-widget elementor-widget-rebuilto-services\" data-id=\"a5e35f8\" data-element_type=\"widget\" data-settings=\"{&quot;slides_to_show&quot;:3,&quot;_animation&quot;:&quot;fadeInUp&quot;,&quot;spaceBetween&quot;:{&quot;unit&quot;:&quot;px&quot;,&quot;size&quot;:30,&quot;sizes&quot;:[]},&quot;spaceBetween_laptop&quot;:{&quot;unit&quot;:&quot;px&quot;,&quot;size&quot;:&quot;&quot;,&quot;sizes&quot;:[]},&quot;spaceBetween_tablet_extra&quot;:{&quot;unit&quot;:&quot;px&quot;,&quot;size&quot;:&quot;&quot;,&quot;sizes&quot;:[]},&quot;spaceBetween_tablet&quot;:{&quot;unit&quot;:&quot;px&quot;,&quot;size&quot;:&quot;&quot;,&quot;sizes&quot;:[]},&quot;spaceBetween_mobile_extra&quot;:{&quot;unit&quot;:&quot;px&quot;,&quot;size&quot;:&quot;&quot;,&quot;sizes&quot;:[]},&quot;spaceBetween_mobile&quot;:{&quot;unit&quot;:&quot;px&quot;,&quot;size&quot;:&quot;&quot;,&quot;sizes&quot;:[]},&quot;swiper_overflow&quot;:&quot;none&quot;,&quot;navigation&quot;:&quot;none&quot;,&quot;enable_scrollbar&quot;:&quot;no&quot;,&quot;autoplay&quot;:&quot;yes&quot;,&quot;pause_on_hover&quot;:&quot;yes&quot;,&quot;pause_on_interaction&quot;:&quot;yes&quot;,&quot;autoplay_speed&quot;:5000,&quot;infinite&quot;:&quot;yes&quot;,&quot;speed&quot;:500}\" data-widget_type=\"rebuilto-services.default\">\n\t\t\t\t<div class=\"elementor-widget-container\">\n\t\t\t\t\t        <div class=\"elementor-service-wrapper rebuilto-swiper swiper \" dir=\"ltr\">\n            <div class=\"swiper-wrapper\">\n                                    <div class=\"grid-item swiper-slide\">\n                        <div class=\"service-item service-style-1\">\n    <div class=\"service-inner\">\n        <div class=\"service-post-thumbnail\">\n                            <img fetchpriority=\"high\" decoding=\"async\" width=\"768\" height=\"512\" src=\"https:\/\/gs360.cl\/wp-content\/uploads\/2025\/05\/Servicios-Gestion_Energia-768x512.jpg\" class=\"attachment-medium_large size-medium_large wp-post-image\" alt=\"\" srcset=\"https:\/\/gs360.cl\/wp-content\/uploads\/2025\/05\/Servicios-Gestion_Energia-768x512.jpg 768w, https:\/\/gs360.cl\/wp-content\/uploads\/2025\/05\/Servicios-Gestion_Energia-300x200.jpg 300w, https:\/\/gs360.cl\/wp-content\/uploads\/2025\/05\/Servicios-Gestion_Energia-1024x683.jpg 1024w, https:\/\/gs360.cl\/wp-content\/uploads\/2025\/05\/Servicios-Gestion_Energia-1536x1024.jpg 1536w, https:\/\/gs360.cl\/wp-content\/uploads\/2025\/05\/Servicios-Gestion_Energia-2048x1365.jpg 2048w\" sizes=\"(max-width: 768px) 100vw, 768px\" \/>                    <\/div>\n        <div class=\"service-content\">\n            <h3 class=\"service-title delta\">Gesti\u00f3n de la Energ\u00eda<\/h3>\n            <span class=\"service-more-link style-icon\"><i class=\"rebuilto-icon-arrow-up-right\"><\/i><\/span>\n        <\/div>\n        <a class=\"overlay-link\" href=\"https:\/\/gs360.cl\/index.php\/services\/gestion-de-la-enegia\/\"><\/a>\n    <\/div>\n<\/div>\n                    <\/div>\n                                        <div class=\"grid-item swiper-slide\">\n                        <div class=\"service-item service-style-1\">\n    <div class=\"service-inner\">\n        <div class=\"service-post-thumbnail\">\n                            <img decoding=\"async\" width=\"768\" height=\"512\" src=\"https:\/\/gs360.cl\/wp-content\/uploads\/2025\/05\/Servicios-Gestion-Ambiental-768x512.jpg\" class=\"attachment-medium_large size-medium_large wp-post-image\" alt=\"\" srcset=\"https:\/\/gs360.cl\/wp-content\/uploads\/2025\/05\/Servicios-Gestion-Ambiental-768x512.jpg 768w, https:\/\/gs360.cl\/wp-content\/uploads\/2025\/05\/Servicios-Gestion-Ambiental-300x200.jpg 300w, https:\/\/gs360.cl\/wp-content\/uploads\/2025\/05\/Servicios-Gestion-Ambiental-1024x683.jpg 1024w, https:\/\/gs360.cl\/wp-content\/uploads\/2025\/05\/Servicios-Gestion-Ambiental-1536x1024.jpg 1536w, https:\/\/gs360.cl\/wp-content\/uploads\/2025\/05\/Servicios-Gestion-Ambiental-2048x1365.jpg 2048w\" sizes=\"(max-width: 768px) 100vw, 768px\" \/>                    <\/div>\n        <div class=\"service-content\">\n            <h3 class=\"service-title delta\">Gesti\u00f3n Ambiental<\/h3>\n            <span class=\"service-more-link style-icon\"><i class=\"rebuilto-icon-arrow-up-right\"><\/i><\/span>\n        <\/div>\n        <a class=\"overlay-link\" href=\"https:\/\/gs360.cl\/index.php\/services\/gestion-ambiental\/\"><\/a>\n    <\/div>\n<\/div>\n                    <\/div>\n                                        <div class=\"grid-item swiper-slide\">\n                        <div class=\"service-item service-style-1\">\n    <div class=\"service-inner\">\n        <div class=\"service-post-thumbnail\">\n                            <img decoding=\"async\" width=\"768\" height=\"512\" src=\"https:\/\/gs360.cl\/wp-content\/uploads\/2025\/05\/servico-huella-de-carbono_1-768x512.png\" class=\"attachment-medium_large size-medium_large wp-post-image\" alt=\"\" srcset=\"https:\/\/gs360.cl\/wp-content\/uploads\/2025\/05\/servico-huella-de-carbono_1-768x512.png 768w, https:\/\/gs360.cl\/wp-content\/uploads\/2025\/05\/servico-huella-de-carbono_1-300x200.png 300w, https:\/\/gs360.cl\/wp-content\/uploads\/2025\/05\/servico-huella-de-carbono_1-1024x683.png 1024w, https:\/\/gs360.cl\/wp-content\/uploads\/2025\/05\/servico-huella-de-carbono_1.png 1536w\" sizes=\"(max-width: 768px) 100vw, 768px\" \/>                    <\/div>\n        <div class=\"service-content\">\n            <h3 class=\"service-title delta\">Huella de Carbono<\/h3>\n            <span class=\"service-more-link style-icon\"><i class=\"rebuilto-icon-arrow-up-right\"><\/i><\/span>\n        <\/div>\n        <a class=\"overlay-link\" href=\"https:\/\/gs360.cl\/index.php\/services\/huella-de-carbono\/\"><\/a>\n    <\/div>\n<\/div>\n                    <\/div>\n                                <\/div>\n\n        <\/div>\n                \t\t\t\t<\/div>\n\t\t\t\t<\/div>\n\t\t\t\t\t<\/div>\n\t\t\t\t<\/div>\n\t\t\t\t<\/div>\n\t\t","protected":false},"excerpt":{"rendered":"<p>lo hacemos bien. Ofrecemos las mejores soluciones sustentables para tu empresa o proyecto Nuestros servicios est\u00e1n dise\u00f1ados para liderar los procesos del Sistema de Gesti\u00f3n de la Energ\u00eda bajo la norma ISO 50.001, Sistema de Gesti\u00f3n Ambiental bajo la norma ISO 14.001, ayudando a las organizaciones a adaptarse a las exigencias de la Ley 21.305 [&hellip;]<\/p>\n","protected":false},"author":1,"featured_media":0,"parent":0,"menu_order":0,"comment_status":"closed","ping_status":"closed","template":"template-homepage.php","meta":{"footnotes":""},"class_list":["post-2646","page","type-page","status-publish","hentry"],"_links":{"self":[{"href":"https:\/\/gs360.cl\/index.php\/wp-json\/wp\/v2\/pages\/2646","targetHints":{"allow":["GET"]}}],"collection":[{"href":"https:\/\/gs360.cl\/index.php\/wp-json\/wp\/v2\/pages"}],"about":[{"href":"https:\/\/gs360.cl\/index.php\/wp-json\/wp\/v2\/types\/page"}],"author":[{"embeddable":true,"href":"https:\/\/gs360.cl\/index.php\/wp-json\/wp\/v2\/users\/1"}],"replies":[{"embeddable":true,"href":"https:\/\/gs360.cl\/index.php\/wp-json\/wp\/v2\/comments?post=2646"}],"version-history":[{"count":43,"href":"https:\/\/gs360.cl\/index.php\/wp-json\/wp\/v2\/pages\/2646\/revisions"}],"predecessor-version":[{"id":8330,"href":"https:\/\/gs360.cl\/index.php\/wp-json\/wp\/v2\/pages\/2646\/revisions\/8330"}],"wp:attachment":[{"href":"https:\/\/gs360.cl\/index.php\/wp-json\/wp\/v2\/media?parent=2646"}],"curies":[{"name":"wp","href":"https:\/\/api.w.org\/{rel}","templated":true}]}}