{"id":20,"date":"2024-03-25T02:28:47","date_gmt":"2024-03-25T02:28:47","guid":{"rendered":"https:\/\/demo2wpopal.b-cdn.net\/rebuilto\/?page_id=20"},"modified":"2025-05-30T20:44:22","modified_gmt":"2025-05-30T20:44:22","slug":"home-1","status":"publish","type":"page","link":"https:\/\/gs360.cl\/","title":{"rendered":"Home 1"},"content":{"rendered":"\t\t<div data-elementor-type=\"wp-page\" data-elementor-id=\"20\" class=\"elementor elementor-20\">\n\t\t\t\t<div class=\"elementor-element elementor-element-c2af74a e-flex e-con-boxed e-con e-parent\" data-id=\"c2af74a\" data-element_type=\"container\" data-settings=\"{&quot;background_background&quot;:&quot;classic&quot;}\">\n\t\t\t\t\t<div class=\"e-con-inner\">\n\t\t\t\t<div class=\"elementor-element elementor-element-3882b24 elementor-widget elementor-widget-slider_revolution\" data-id=\"3882b24\" data-element_type=\"widget\" data-widget_type=\"slider_revolution.default\">\n\t\t\t\t<div class=\"elementor-widget-container\">\n\t\t\t\t\t\n\t\t<div class=\"wp-block-themepunch-revslider\">\n\t\t\t\t<p class=\"rs-p-wp-fix\"><\/p>\n\t\t\t\t<sr7-module data-alias=\"slider-1\" data-id=\"1\" id=\"SR7_1_1\" class=\"rs-ov-hidden\" data-version=\"6.7.32\">\n\t\t\t\t\t<sr7-adjuster><\/sr7-adjuster>\n\t\t\t\t\t<sr7-content>\n\t\t\t\t\t\t<sr7-slide id=\"SR7_1_1-21\" data-key=\"21\">\n\t\t\t\t\t\t<\/sr7-slide>\n\t\t\t\t\t\t<sr7-slide id=\"SR7_1_1-4\" data-key=\"4\">\n\t\t\t\t\t\t\t<sr7-txt id=\"SR7_1_1-4-1\" class=\"sr7-layer\">compromiso<\/sr7-txt>\n\t\t\t\t\t\t\t<sr7-txt id=\"SR7_1_1-4-2\" class=\"sr7-layer\">eficiencia<\/sr7-txt>\n\t\t\t\t\t\t\t<sr7-txt id=\"SR7_1_1-4-5\" class=\"sr7-layer\">Crece con<\/sr7-txt>\n\t\t\t\t\t\t\t<sr7-txt id=\"SR7_1_1-4-10\" class=\"sr7-layer\">sostenibilidad<\/sr7-txt>\n\t\t\t\t\t\t\t<a id=\"SR7_1_1-4-11\" class=\"sr7-layer\" href=\"https:\/\/www.gs360.cl\" target=\"_self\"><span class=\"link-effect\"><br \/>\n<span class=\"effect-1\">\u00bfQuieres saber mas? <\/span><br \/>\n<span class=\"effect-2\">Cont\u00e1ctanos <\/span><i class=\"rebuilto-icon-arrow-up-right\"><\/i><br \/>\n<\/span><\/a>\n\t\t\t\t\t\t\t<sr7-txt id=\"SR7_1_1-4-14\" class=\"sr7-layer\"><i class=\"rebuilto-icon-star\"><\/i> <i class=\"rebuilto-icon-star\"><\/i> <i class=\"rebuilto-icon-star\"><\/i> <i class=\"rebuilto-icon-star\"><\/i> <i class=\"rebuilto-icon-star\"><\/i><br \/>\n<span style=\"color: rgba(255,255,255,0.6);\">Trusted by 500+ companies<\/span><\/sr7-txt>\n\t\t\t\t\t\t\t<sr7-txt id=\"SR7_1_1-4-16\" class=\"sr7-layer\"><i class=\"rebuilto-icon-trust\"><\/i><\/sr7-txt>\n\t\t\t\t\t\t\t<sr7-txt id=\"SR7_1_1-4-18\" class=\"sr7-layer\">nosotros te ayudamos<\/sr7-txt>\n\t\t\t\t\t\t<\/sr7-slide>\n\t\t\t\t\t<\/sr7-content>\n\t\t\t\t\t<image_lists style=\"display:none\">\n\t\t\t\t\t\t<img data-src=\"\/\/gs360.cl\/wp-content\/uploads\/2025\/04\/iStock-2148602963-scaled.jpg\" data-libid=\"7733\" data-lib=\"medialibrary\" title=\"iStock-2148602963\" width=\"0\" height=\"0\" data-dbsrc=\"Ly9nczM2MC5jbC93cC1jb250ZW50L3VwbG9hZHMvMjAyNS8wNC9pU3RvY2stMjE0ODYwMjk2My1zY2FsZWQuanBn\"\/>\n\t\t\t\t\t\t<img data-src=\"\/\/gs360.cl\/wp-content\/uploads\/2025\/04\/iStock-2095813668-scaled.jpg\" data-libid=\"7731\" data-lib=\"medialibrary\" title=\"planificacion\" width=\"0\" height=\"0\" data-dbsrc=\"Ly9nczM2MC5jbC93cC1jb250ZW50L3VwbG9hZHMvMjAyNS8wNC9pU3RvY2stMjA5NTgxMzY2OC1zY2FsZWQuanBn\"\/>\n\t\t\t\t\t\t<img data-src=\"\/\/gs360.cl\/wp-content\/uploads\/2025\/04\/iStock-1466706015-scaled.jpg\" data-libid=\"7727\" data-lib=\"medialibrary\" title=\"iStock-1466706015\" width=\"0\" height=\"0\" data-dbsrc=\"Ly9nczM2MC5jbC93cC1jb250ZW50L3VwbG9hZHMvMjAyNS8wNC9pU3RvY2stMTQ2NjcwNjAxNS1zY2FsZWQuanBn\"\/>\n\t\t\t\t\t<\/image_lists>\n\t\t\t\t<\/sr7-module>\n\t\t\t\t<script>\n\t\t\t\t\tSR7.PMH ??={}; SR7.PMH[\"SR7_1_1\"] = {cn:100,state:false,fn: function() { if (_tpt!==undefined && _tpt.prepareModuleHeight !== undefined) {  _tpt.prepareModuleHeight({id:\"SR7_1_1\",el:[1000,1000,768,650,550],type:'standard',shdw:'0',gh:[1000,1000,768,650,550],gw:[1350,1350,1024,778,480],vpt:['-200px&#039;,&#039;-200px&#039;,&#039;-200px&#039;,&#039;-200px&#039;,&#039;-200px'],size:{fullWidth:true, fullHeight:false},mh:'0',onh:0,onw:0,bg:{color:'{\"orig\":\"transparent\",\"type\":\"solid\",\"string\":\"transparent\"}'}});   SR7.PMH[\"SR7_1_1\"].state=true;} else if(SR7.PMH[\"SR7_1_1\"].cn-->0)\tsetTimeout( SR7.PMH[\"SR7_1_1\"].fn,19);}};SR7.PMH[\"SR7_1_1\" ].fn();\n\t\t\t\t<\/script>\n<\/div>\n\n\t\t\t\t\t\t<\/div>\n\t\t\t\t<\/div>\n\t\t\t\t\t<\/div>\n\t\t\t\t<\/div>\n\t\t<div class=\"elementor-element elementor-element-3b12141 e-flex e-con-boxed e-con e-parent\" data-id=\"3b12141\" data-element_type=\"container\" data-settings=\"{&quot;background_background&quot;:&quot;classic&quot;}\">\n\t\t\t\t\t<div class=\"e-con-inner\">\n\t\t<div class=\"elementor-element elementor-element-7b9b0b3 e-con-full e-flex e-con e-child\" data-id=\"7b9b0b3\" data-element_type=\"container\">\n\t\t\t\t<div class=\"elementor-element elementor-element-861d419 elementor-widget__width-initial animated-fast elementor-widget-divider--view-line elementor-invisible elementor-widget elementor-widget-divider\" data-id=\"861d419\" data-element_type=\"widget\" data-settings=\"{&quot;_animation&quot;:&quot;zoomInRight&quot;}\" data-widget_type=\"divider.default\">\n\t\t\t\t<div class=\"elementor-widget-container\">\n\t\t\t\t\t\t\t<div class=\"elementor-divider\">\n\t\t\t<span class=\"elementor-divider-separator\">\n\t\t\t\t\t\t<\/span>\n\t\t<\/div>\n\t\t\t\t\t\t<\/div>\n\t\t\t\t<\/div>\n\t\t\t\t<div class=\"elementor-element elementor-element-ed31078 animated-fast elementor-invisible elementor-widget elementor-widget-heading\" data-id=\"ed31078\" data-element_type=\"widget\" data-settings=\"{&quot;_animation&quot;:&quot;opal-scale-up&quot;}\" data-widget_type=\"heading.default\">\n\t\t\t\t<div class=\"elementor-widget-container\">\n\t\t\t\t\t<p class=\"elementor-heading-title elementor-size-default\">Te ayudamos<\/p>\t\t\t\t<\/div>\n\t\t\t\t<\/div>\n\t\t\t\t<\/div>\n\t\t<div class=\"elementor-element elementor-element-5f222c3 e-con-full e-flex e-con e-child\" data-id=\"5f222c3\" data-element_type=\"container\">\n\t\t\t\t<div class=\"elementor-element elementor-element-c5c752a elementor-widget__width-initial animated-fast elementor-invisible elementor-widget elementor-widget-heading\" data-id=\"c5c752a\" data-element_type=\"widget\" data-settings=\"{&quot;_animation&quot;:&quot;opal-move-left&quot;}\" data-widget_type=\"heading.default\">\n\t\t\t\t<div class=\"elementor-widget-container\">\n\t\t\t\t\t<h2 class=\"elementor-heading-title elementor-size-default\">OPTIMIZA TU ENERG\u00cdA, CALCULA TU HUELLA, MEJORA EL FUTURO<\/h2>\t\t\t\t<\/div>\n\t\t\t\t<\/div>\n\t\t\t\t<\/div>\n\t\t<div class=\"elementor-element elementor-element-9b3c4d7 e-con-full e-flex elementor-invisible e-con e-child\" data-id=\"9b3c4d7\" data-element_type=\"container\" data-settings=\"{&quot;animation&quot;:&quot;fadeInDown&quot;}\">\n\t\t\t\t<div class=\"elementor-element elementor-element-23ddfa4 elementor-widget elementor-widget-text-editor\" data-id=\"23ddfa4\" data-element_type=\"widget\" data-widget_type=\"text-editor.default\">\n\t\t\t\t<div class=\"elementor-widget-container\">\n\t\t\t\t\t\t\t\t\t<p>Acompa\u00f1amos a las empresas en su transici\u00f3n energ\u00e9tica con estrategia y compromiso hacia la carbono neutralidad.<\/p>\t\t\t\t\t\t\t\t<\/div>\n\t\t\t\t<\/div>\n\t\t\t\t<div class=\"elementor-element elementor-element-b2d760d elementor-widget elementor-widget-text-editor\" data-id=\"b2d760d\" data-element_type=\"widget\" data-widget_type=\"text-editor.default\">\n\t\t\t\t<div class=\"elementor-widget-container\">\n\t\t\t\t\t\t\t\t\t<p>En GS360 \u2013 Gesti\u00f3n Sustentable, creemos que la eficiencia energ\u00e9tica y la sustentabilidad ambiental son el camino hacia un futuro m\u00e1s responsable y rentable.<br \/><br \/>Transformamos los desaf\u00edos actuales en oportunidades de crecimiento y sostenibilidad.<\/p>\t\t\t\t\t\t\t\t<\/div>\n\t\t\t\t<\/div>\n\t\t\t\t<\/div>\n\t\t\t\t<div class=\"elementor-element elementor-element-8e22d46 elementor-absolute elementor-view-default elementor-widget elementor-widget-icon\" data-id=\"8e22d46\" data-element_type=\"widget\" data-settings=\"{&quot;_position&quot;:&quot;absolute&quot;}\" data-widget_type=\"icon.default\">\n\t\t\t\t<div class=\"elementor-widget-container\">\n\t\t\t\t\t\t\t<div class=\"elementor-icon-wrapper\">\n\t\t\t<div class=\"elementor-icon\">\n\t\t\t<svg xmlns=\"http:\/\/www.w3.org\/2000\/svg\" width=\"1229\" height=\"818\" viewBox=\"0 0 1229 818\" fill=\"none\"><path d=\"M614.659 245.462L614.529 245.625L614.399 245.462L614.012 245.98C471.766 436.536 329.84 626.683 187.448 817.5H1.00094C102.89 681.862 204.787 546.224 306.684 410.586L307.65 409.3L309.397 406.974C411.101 271.594 512.804 136.213 614.5 0.832502C715.777 135.655 817.061 270.477 918.345 405.3L921.35 409.3C1023.57 545.367 1125.79 681.433 1228 817.5H1041.61C958.84 706.587 876.236 595.919 793.646 485.268C734.125 405.525 674.611 325.791 615.046 245.981L614.659 245.462Z\" stroke=\"#DFE1E7\"><\/path><\/svg>\t\t\t<\/div>\n\t\t<\/div>\n\t\t\t\t\t\t<\/div>\n\t\t\t\t<\/div>\n\t\t<div class=\"elementor-element elementor-element-2bb43bd e-con-full e-flex elementor-invisible e-con e-child\" data-id=\"2bb43bd\" data-element_type=\"container\" data-settings=\"{&quot;background_background&quot;:&quot;classic&quot;,&quot;animation&quot;:&quot;slideInRight&quot;}\">\n\t\t\t\t<\/div>\n\t\t\t\t\t<\/div>\n\t\t\t\t<\/div>\n\t\t<div class=\"elementor-element elementor-element-32d5985 e-flex e-con-boxed e-con e-parent\" data-id=\"32d5985\" data-element_type=\"container\">\n\t\t\t\t\t<div class=\"e-con-inner\">\n\t\t\t\t<div class=\"elementor-element elementor-element-f81f8c8 elementor-widget-divider--view-line elementor-widget elementor-widget-divider\" data-id=\"f81f8c8\" data-element_type=\"widget\" data-widget_type=\"divider.default\">\n\t\t\t\t<div class=\"elementor-widget-container\">\n\t\t\t\t\t\t\t<div class=\"elementor-divider\">\n\t\t\t<span class=\"elementor-divider-separator\">\n\t\t\t\t\t\t<\/span>\n\t\t<\/div>\n\t\t\t\t\t\t<\/div>\n\t\t\t\t<\/div>\n\t\t\t\t\t<\/div>\n\t\t\t\t<\/div>\n\t\t<div class=\"elementor-element elementor-element-42e9ee3 e-flex e-con-boxed e-con e-parent\" data-id=\"42e9ee3\" data-element_type=\"container\">\n\t\t\t\t\t<div class=\"e-con-inner\">\n\t\t\t\t<div class=\"elementor-element elementor-element-a694ff7 elementor-invisible elementor-widget elementor-widget-heading\" data-id=\"a694ff7\" data-element_type=\"widget\" data-settings=\"{&quot;_animation&quot;:&quot;fadeInLeft&quot;}\" data-widget_type=\"heading.default\">\n\t\t\t\t<div class=\"elementor-widget-container\">\n\t\t\t\t\t<h3 class=\"elementor-heading-title elementor-size-default\">\u00bfQu\u00e9 nos hace diferentes?<\/h3>\t\t\t\t<\/div>\n\t\t\t\t<\/div>\n\t\t<div class=\"elementor-element elementor-element-d809649 e-con-full e-flex e-con e-child\" data-id=\"d809649\" data-element_type=\"container\">\n\t\t\t\t<div class=\"elementor-element elementor-element-e44a675 elementor-widget__width-initial elementor-widget-mobile__width-initial elementor-invisible elementor-widget elementor-widget-image\" data-id=\"e44a675\" data-element_type=\"widget\" data-settings=\"{&quot;_animation&quot;:&quot;opal-move-right&quot;}\" data-widget_type=\"image.default\">\n\t\t\t\t<div class=\"elementor-widget-container\">\n\t\t\t\t\t\t\t\t\t\t\t\t\t\t\t<img loading=\"lazy\" decoding=\"async\" width=\"900\" height=\"600\" src=\"https:\/\/gs360.cl\/wp-content\/uploads\/2025\/05\/Que-nos-hace-diferente_1-1024x683.jpg\" class=\"attachment-large size-large wp-image-8346\" alt=\"\" srcset=\"https:\/\/gs360.cl\/wp-content\/uploads\/2025\/05\/Que-nos-hace-diferente_1-1024x683.jpg 1024w, https:\/\/gs360.cl\/wp-content\/uploads\/2025\/05\/Que-nos-hace-diferente_1-300x200.jpg 300w, https:\/\/gs360.cl\/wp-content\/uploads\/2025\/05\/Que-nos-hace-diferente_1-768x512.jpg 768w, https:\/\/gs360.cl\/wp-content\/uploads\/2025\/05\/Que-nos-hace-diferente_1-1536x1025.jpg 1536w, https:\/\/gs360.cl\/wp-content\/uploads\/2025\/05\/Que-nos-hace-diferente_1-2048x1366.jpg 2048w\" sizes=\"(max-width: 900px) 100vw, 900px\" \/>\t\t\t\t\t\t\t\t\t\t\t\t\t\t\t<\/div>\n\t\t\t\t<\/div>\n\t\t\t\t<div class=\"elementor-element elementor-element-d4d858f elementor-widget__width-initial elementor-widget-mobile__width-initial elementor-icon-list--layout-traditional elementor-list-item-link-full_width elementor-invisible elementor-widget elementor-widget-icon-list\" data-id=\"d4d858f\" data-element_type=\"widget\" data-settings=\"{&quot;_animation&quot;:&quot;fadeInUp&quot;}\" data-widget_type=\"icon-list.default\">\n\t\t\t\t<div class=\"elementor-widget-container\">\n\t\t\t\t\t\t\t<ul class=\"elementor-icon-list-items\">\n\t\t\t\t\t\t\t<li class=\"elementor-icon-list-item\">\n\t\t\t\t\t\t\t\t\t\t\t<span class=\"elementor-icon-list-icon\">\n\t\t\t\t\t\t\t<i aria-hidden=\"true\" class=\"rebuilto-icon- rebuilto-icon-check\"><\/i>\t\t\t\t\t\t<\/span>\n\t\t\t\t\t\t\t\t\t\t<span class=\"elementor-icon-list-text\">Ofrecemos soluciones personalizadas, adapt\u00e1ndonos a las necesidades espec\u00edficas de cada organizaci\u00f3n.<\/span>\n\t\t\t\t\t\t\t\t\t<\/li>\n\t\t\t\t\t\t\t\t<li class=\"elementor-icon-list-item\">\n\t\t\t\t\t\t\t\t\t\t\t<span class=\"elementor-icon-list-icon\">\n\t\t\t\t\t\t\t<i aria-hidden=\"true\" class=\"rebuilto-icon- rebuilto-icon-check\"><\/i>\t\t\t\t\t\t<\/span>\n\t\t\t\t\t\t\t\t\t\t<span class=\"elementor-icon-list-text\">Alineamos las operaciones de tu empresa con la Ley 21.305, mejorando tu desempe\u00f1o energ\u00e9tico y garantizando resultados tangibles y medibles.<\/span>\n\t\t\t\t\t\t\t\t\t<\/li>\n\t\t\t\t\t\t\t\t<li class=\"elementor-icon-list-item\">\n\t\t\t\t\t\t\t\t\t\t\t<span class=\"elementor-icon-list-icon\">\n\t\t\t\t\t\t\t<i aria-hidden=\"true\" class=\"rebuilto-icon- rebuilto-icon-check\"><\/i>\t\t\t\t\t\t<\/span>\n\t\t\t\t\t\t\t\t\t\t<span class=\"elementor-icon-list-text\">Actuamos como aliados estrat\u00e9gicos, acompa\u00f1ando en todo el proceso desde el diagn\u00f3stico y la planificaci\u00f3n hasta la implementaci\u00f3n y certificaci\u00f3n.<\/span>\n\t\t\t\t\t\t\t\t\t<\/li>\n\t\t\t\t\t\t<\/ul>\n\t\t\t\t\t\t<\/div>\n\t\t\t\t<\/div>\n\t\t\t\t<\/div>\n\t\t\t\t\t<\/div>\n\t\t\t\t<\/div>\n\t\t<div class=\"elementor-element elementor-element-627dc72 e-flex e-con-boxed e-con e-parent\" data-id=\"627dc72\" data-element_type=\"container\">\n\t\t\t\t\t<div class=\"e-con-inner\">\n\t\t\t\t<div class=\"elementor-element elementor-element-1fb3624 elementor-widget-divider--view-line elementor-widget elementor-widget-divider\" data-id=\"1fb3624\" data-element_type=\"widget\" data-widget_type=\"divider.default\">\n\t\t\t\t<div class=\"elementor-widget-container\">\n\t\t\t\t\t\t\t<div class=\"elementor-divider\">\n\t\t\t<span class=\"elementor-divider-separator\">\n\t\t\t\t\t\t<\/span>\n\t\t<\/div>\n\t\t\t\t\t\t<\/div>\n\t\t\t\t<\/div>\n\t\t\t\t\t<\/div>\n\t\t\t\t<\/div>\n\t\t\t\t<\/div>\n\t\t","protected":false},"excerpt":{"rendered":"<p>Te ayudamos OPTIMIZA TU ENERG\u00cdA, CALCULA TU HUELLA, MEJORA EL FUTURO Acompa\u00f1amos a las empresas en su transici\u00f3n energ\u00e9tica con estrategia y compromiso hacia la carbono neutralidad. En GS360 \u2013 Gesti\u00f3n Sustentable, creemos que la eficiencia energ\u00e9tica y la sustentabilidad ambiental son el camino hacia un futuro m\u00e1s responsable y rentable. Transformamos los desaf\u00edos actuales [&hellip;]<\/p>\n","protected":false},"author":1,"featured_media":0,"parent":0,"menu_order":0,"comment_status":"closed","ping_status":"closed","template":"template-homepage.php","meta":{"footnotes":""},"class_list":["post-20","page","type-page","status-publish","hentry"],"_links":{"self":[{"href":"https:\/\/gs360.cl\/index.php\/wp-json\/wp\/v2\/pages\/20","targetHints":{"allow":["GET"]}}],"collection":[{"href":"https:\/\/gs360.cl\/index.php\/wp-json\/wp\/v2\/pages"}],"about":[{"href":"https:\/\/gs360.cl\/index.php\/wp-json\/wp\/v2\/types\/page"}],"author":[{"embeddable":true,"href":"https:\/\/gs360.cl\/index.php\/wp-json\/wp\/v2\/users\/1"}],"replies":[{"embeddable":true,"href":"https:\/\/gs360.cl\/index.php\/wp-json\/wp\/v2\/comments?post=20"}],"version-history":[{"count":69,"href":"https:\/\/gs360.cl\/index.php\/wp-json\/wp\/v2\/pages\/20\/revisions"}],"predecessor-version":[{"id":8369,"href":"https:\/\/gs360.cl\/index.php\/wp-json\/wp\/v2\/pages\/20\/revisions\/8369"}],"wp:attachment":[{"href":"https:\/\/gs360.cl\/index.php\/wp-json\/wp\/v2\/media?parent=20"}],"curies":[{"name":"wp","href":"https:\/\/api.w.org\/{rel}","templated":true}]}}